
Suppose -18*z + 15*z = -9. Let f(p) = 4*p - 1. What is f(z)?
11
Let d(w) = 6*w**3 - 8*w - 3. Let o(r) = 5*r**3 - r**2 - 8*r - 3. Let b(i) = -4*d(i) + 5*o(i). Let a = 17 - 11. Give b(a).
-15
Let n(z) = 3*z - 9. Let l be n(4). Let x(w) = w**2 - 3*w + 3. Calculate x(l).
3
Let m(t) = -7*t**2 + 14*t - 17. Let s(z) = -10*z**2 + 21*z - 25. Let p(l) = -7*m(l) + 5*s(l). Suppose y = -2*y + 15. What is p(y)?
4
Let t(v) = v**2 - 3*v - 2. Let y be 1/(-3)*1 - 20/12. What is t(y)?
8
Let z = -56 + 58. Let u(y) = -4*y**2 - 1. Calculate u(z).
-17
Let c(r) be the first derivative of -r**3/3 + 5*r**2/2 - 2*r - 8. Let m be c(4). Let s(u) = 2*u**2 - 3*u. What is s(m)?
2
Let t(f) = -f**3 - f**2 - 2. Let n be t(-2). Let v(q) = 4*q - 21*q + 8*q + 6*q. Determine v(n).
-6
Let l(a) = -2*a + 4. Let m(s) = -5*s + 8. Let f(d) = -9*l(d) + 4*m(d). Determine f(-3).
2
Let l(b) = b**2 - 15*b + 7. Let g(c) = -c**2 + 16*c - 7. Let r(n) = 6*g(n) + 7*l(n). What is r(6)?
-11
Let j(m) = -4*m**3 + 3*m**2 + 5*m. Let y(h) = 11*h**3 - 9*h**2 - 14*h. Let g(c) = -8*j(c) - 3*y(c). Suppose 2*p + 2*p - 4 = 0. Let i = 5 - p. What is g(i)?
-8
Let k(j) = -j**2 + 7*j. Let l be (12 + -3)*(-8)/(-12). What is k(l)?
6
Let s(d) = -d**3 - 2*d**2 + d - 4. Let o = -11 - -16. Suppose -o*u = -2*t + 4, -2*u = 5*t + 2*u + 23. Determine s(t).
2
Let h(n) = -7*n + 8. Let q(a) = -3*a + 4. Let m(g) = -2*h(g) + 5*q(g). What is m(9)?
-5
Let g(o) = 3*o - 4*o - o. Let i = -173 - -176. Determine g(i).
-6
Let z(f) = 32 - 10 + f - 18 + 0*f. Suppose -l - 5*u = 3*l + 44, 5*l = -4*u - 46. Calculate z(l).
-2
Let b(z) = z**2 - 2*z + 3. Suppose 0 = -5*r + 20, 2*d - 7*r = -2*r - 24. Let s(j) = j**2 + j + 1. Let y be s(d). Give b(y).
6
Let f(i) = 3*i + 2. Let s(r) = 10*r + 6. Let o(w) = -7*f(w) + 2*s(w). Suppose -5*p = 3*u + 20, -2*u + 0*u - 5*p = 20. Suppose u = 4*c + 13 + 3. Calculate o(c).
2
Let l be 2/(-9) + 8/36. Suppose -5*p = -4*k + 10, -p + 5*p - k + 19 = l. Let n(u) = u**3 + 5*u**2 - 7*u - 4. What is n(p)?
2
Suppose -4*f + d = -d - 16, -5*f + 3*d + 22 = 0. Let t(z) = -z**2 + 3*z - 2. Let l(j) = -5*j**2 + 13*j - 9. Let a(r) = f*l(r) - 9*t(r). Give a(2).
-6
Let i(n) = 4*n**2 + n**3 + 7*n**3 - 9*n**3. Calculate i(3).
9
Let i(n) be the first derivative of -n**2/2 - 11*n - 10. Calculate i(0).
-11
Suppose 4*f + 5 = -f. Let i = 3 + f. Let w(n) = -4*n - 2. Determine w(i).
-10
Let b(v) be the second derivative of -v**4/6 + v**3/3 - v**2/2 + 2*v. Suppose -4*l + 12 = 4. Give b(l).
-5
Let j(r) = -3*r**2 + r - r**2 - 2*r**3 + 3*r**3. Suppose 7*t = -0*t + 28. Give j(t).
4
Let v(s) = 3*s**3 + s**2. Let u be v(-1). Let a = -1 - u. Let y(w) = 7*w + 0 + 1 + a - 3. Give y(1).
6
Let b be 4*(-3)/(-6) - (1 + 1). Let z(l) = -4*l + 7. Let s(a) = 5*a - 7. Let x(o) = 5*s(o) + 6*z(o). Determine x(b).
7
Let y(z) = -z + 7 + 0*z - 3*z + 5*z. Let o be y(-5). Let k(l) = -l**2 - l + 1. Give k(o).
-5
Let y(c) = c - 1. Suppose -4*q = -5*d + 22, -2*d + 3*d = -q + 8. What is y(d)?
5
Let g(x) = x**2 - x + 1. Let m(h) = 3*h**2 - 7*h + 4. Let y(d) = 2*g(d) - m(d). Determine y(2).
4
Let y(b) be the third derivative of -b**4/12 + b**3/3 - b**2. Suppose 0 = -p + 3 + 2. Suppose 3*d + 3*z + 21 = 5*d, p*z + 25 = 0. What is y(d)?
-4
Let n = 5 - 8. Let z be 6*-2*1/n. Let d(a) be the third derivative of -a**6/120 + a**5/15 - a**4/24 + a**3/3 + 10*a**2. What is d(z)?
-2
Let m(o) = -3*o - 4. Let c be m(-3). Suppose a = -0*a + 4*q + 4, 0 = -c*q - 10. Let t(u) = u + 5. Determine t(a).
1
Let j = 7 + -2. Let k = -9 + j. Let s(a) = a**3 + 3*a**2 - 2*a + 2. Give s(k).
-6
Let t(h) = -3*h**3 + 23*h**2 + 2*h + 14. Let n(x) = -2*x**3 + 15*x**2 + x + 9. Let d(f) = -8*n(f) + 5*t(f). Give d(4).
-10
Let p(s) = s**3 - 9*s**2 - 8*s - 7. Let b(l) = -l**3 + 8*l**2 + 7*l + 6. Let r(t) = -5*b(t) - 4*p(t). Let a be 11 + (0 - (-4)/4). Let v = a + -7. What is r(v)?
8
Let v(g) be the second derivative of g**3/3 - g**2 + 2*g. Suppose -5*a + 10 = -2*y, 0*y - 5 = -y. Calculate v(a).
6
Let u(m) = m**3 - 6*m**2 + 2*m - 7. Let f = 31 + -25. Determine u(f).
5
Let l = 26 - -24. Let y be l/12 - (-1)/(-6). Let n(o) = -o**3 + 3*o**2 + 3*o. What is n(y)?
-4
Suppose 3*s - 4*s = -7. Suppose s = -3*z - 5*d, -2*z + 6 = 2*d + 4. Suppose -5*k - z*r + 3*r - 9 = 0, 2*k - 5*r = -16. Let t(u) = u**2 + 2*u + 2. Give t(k).
5
Let b(m) = -m**2 + 7*m + 8. Let h be b(8). Suppose -2*g = -h*g. Let k(s) = s - 12. Give k(g).
-12
Let z(i) = -i**2 + 2*i + 1. Let q(n) = 3*n**2 - 26*n - 11. Let d be q(9). Determine z(d).
-7
Suppose -6*h + 8*h = 8. Let t(m) = -m + 4. Let d be t(-6). Let f = h - d. Let j(c) = c**3 + 6*c**2 + 6. Give j(f).
6
Let g = 46 - 40. Let z(p) = -p**2 + 5*p + 8. Determine z(g).
2
Let h = -13 - -14. Let b(v) = -4 + h + v + 0. Let d be 4/(-14) - (-16)/7. Calculate b(d).
-1
Let y(u) be the third derivative of -u**6/120 + 7*u**5/60 + 5*u**4/12 - 11*u**3/6 - 7*u**2. Calculate y(8).
5
Let x(f) = -5*f**3 - f**2. Let q be 172/14 + 8/(-28). Let r be (-10)/(-8) - 3/q. Let v be 1/((-1)/(r - 2)). What is x(v)?
-6
Suppose -2*d + 7*d - 10 = 0. Let r be 0 - -6 - 2/d. Let k(v) = -v**2 + v - 6 + 0*v - r*v. What is k(-4)?
-6
Let j = 9 + -8. Let f(n) = 2*n**2 + 6*n**2 + 6*n + j - 7*n**2. What is f(-3)?
-8
Let u(l) be the second derivative of l**3/2 - 3*l**2 + 19*l. What is u(4)?
6
Let w(j) be the third derivative of j**5/60 + j**4/12 + j**3/6 - 4*j**2. Let p(y) be the first derivative of w(y). Give p(5).
12
Let j(c) be the first derivative of c**2/2 - 10. What is j(2)?
2
Let f(q) = q**2 - 7*q + 3. Suppose 13 = -i - 1. Let g = -8 - i. Determine f(g).
-3
Let d(w) = -w**3 - 9*w**2 + w + 11. Let z be d(-9). Let p(t) = -t**3 - 3*t**2 + 3*t - 3. Calculate p(z).
-17
Let o(x) = 9*x + 2. Suppose -4*s = -2*y + 16, 3*y + 3 - 12 = s. Let u be 20/(-3 - 1) - s. What is o(u)?
-16
Let l(i) be the third derivative of i**5/60 + i**4/24 - i**3/3 + 18*i**2. Calculate l(3).
10
Let m = 11 + -13. Let b(k) = -1 + 2*k + k**3 - 5*k - 2*k**2 + k**2. Calculate b(m).
-7
Let r(c) = -5*c**2 - 8*c - 13. Let a(j) = 4*j**2 + 8*j + 12. Let n(t) = -6*a(t) - 5*r(t). What is n(9)?
2
Suppose 4*j - 10 = -2*q, -3*q = -2*j - 2*j + 15. Let u(m) = 3*m**3 + m + 1. Determine u(q).
-3
Let k(v) = 4*v**3 + 9*v**2 - 3. Let w(g) be the second derivative of -g**5/20 - g**4/12 + g**2/2 + 2*g. Let n(x) = k(x) + 5*w(x). Calculate n(4).
2
Let f(l) = l - 2. Let r(j) = -j**3 + 17*j**2 - 17*j + 20. Let n be r(16). Give f(n).
2
Let z(a) = a**2 + 5*a - 5. Let l be z(-5). Let o = l + 11. Let v(x) = -x**2 + 4*x + 6. What is v(o)?
-6
Suppose 2*j = 4*s, 2*s = -3*j + 4*s + 8. Let d(g) = 3*g**2 - 4 + 7*g - 3*g**2 - 2*g**2. What is d(j)?
-8
Let i = -8 + 0. Let g be (9/6)/((-2)/i). Let w(y) = -y. Let s(o) = -1. Let n(m) = -5*s(m) + w(m). Give n(g).
-1
Let t(h) = 2*h - 5. Let m = 10 - 4. What is t(m)?
7
Let g(j) = -11*j**3 - 2*j**2 + 1. Let n be (-3 + 15 - -2)/2. Suppose 3*f = -2*f - 3*m + n, 5*f + 17 = 3*m. Determine g(f).
10
Let g be 6/(-4)*12/(-9). Suppose -18 = -4*h + 2*x, -2*h - x + 0 = -3. Let z(d) = -h + d + g*d - d. Determine z(2).
1
Let z(a) = -a**3 - 8*a**2 - 3*a + 2. Let v(f) = 20*f**2 + 8*f**3 + 11*f + 13*f**2 - 4*f**3 - 7. Let h(l) = -2*v(l) - 9*z(l). Give h(-5).
-4
Let q(f) = -f**2 - 3*f**2 + 2*f**2 + 1. Let v be (-6 - -2)/(4/(-2)). Calculate q(v).
-7
Suppose -5*n - 4 + 0 = 4*w, -5*w - 2*n = -12. Let i(y) be the third derivative of -y**4/24 - y**3/6 + 4*y**2. Give i(w).
-5
Let g(r) = r**3 - 6*r**2 + 6*r - 1. Let p be g(5). Suppose -1 = -0*c - c. Let y(k) = -c - 2*k**2 + k**2 - 5 + 6*k. Give y(p).
2
Let n(x) = 3*x - 5. Let g(k) = -8*k + 15. Let r be 2/(-3) - (-48)/18. Suppose 6 = 3*f - r*f. Let s(a) = f*g(a) + 17*n(a). Determine s(-4).
-7
Let y(n) = n + 6. Suppose 3*l - 14 = -3*d + 1, -d = 3*l - 9. Suppose d*k - k + r = -10, 0 = 3*r. Determine y(k).
1
Let j(v) be the first derivative of v**3/3 + 3*v**2/2 - 3*v + 55. Suppose 17 = 4*r - 3. Suppose 15 = -r*t - 4*n, -n = t - 0*n + 3. Give j(t).
-3
Let g(u) = -4*u**2 + 9*u - 10. Let k(v) = -7*v**2 + 17*v - 19. Let r(x) = -5*g(x) + 3*k(x). Suppose -a = 4*q - 2*a - 22, -10 = -q - 2*a. Calculate r(q).
-7
Let d(b) = -2*b**3 + 4*b**2 + 2*b + 6. Let m(c) = -c**2 + 12*c - 8. Let k be m(11). Let g(f) = f**3 - 2*f**2 - f - 3. Let q(o) = k*d(o) + 5*g(o). Give q(3).
-3
Suppose -6*n = -3*n + 12. Let x(l) = l**2 + 2*l - 1. Give x(n).
7
Let l(m)